53?
5
What is the ten thousands digit of 423626?
2
What is the hundreds digit of 23693318?
3
What is the thousands digit of 5091424?
1
What is the units digit of 11819?
9
What is the millions digit of 2814548?
2
What is the ten thousands digit of 75973?
7
What is the units digit of 4648779?
9
What is the hundred thousands digit of 14808510?
8
What is the hundreds digit of 1479113?
1
What is the hundreds digit of 1308855?
8
What is the units digit of 29432?
2
What is the units digit of 138701?
1
What is the hundreds digit of 286962?
9
What is the ten thousands digit of 1396784?
9
What is the thousands digit of 10809956?
9
What is the units digit of 477516?
6
What is the units digit of 1407528?
8
What is the units digit of 1354036?
6
What is the thousands digit of 2546930?
6
What is the tens digit of 293345?
4
What is the tens digit of 485439?
3
What is the hundreds digit of 633529?
5
What is the millions digit of 2218106?
2
What is the hundred thousands digit of 462889?
4
What is the hundreds digit of 94681?
6
What is the thousands digit of 176671?
6
What is the thousands digit of 5505138?
5
What is the thousands digit of 92279?
2
What is the hundreds digit of 2954642?
6
What is the units digit of 45412?
2
What is the ten thousands digit of 157957?
5
What is the units digit of 2104418?
8
What is the hundred thousands digit of 257502?
2
What is the units digit of 950781?
1
What is the units digit of 109748?
8
What is the hundred thousands digit of 1601901?
6
What is the hundreds digit of 31612?
6
What is the thousands digit of 1551887?
1
What is the tens digit of 1856929?
2
What is the units digit of 815075?
5
What is the ten millions digit of 15750956?
1
What is the tens digit of 126113?
1
What is the thousands digit of 22436622?
6
What is the hundreds digit of 1531581?
5
What is the units digit of 430408?
8
What is the hundreds digit of 1669848?
8
What is the millions digit of 13275461?
3
What is the thousands digit of 200890?
0
What is the millions digit of 13714879?
3
What is the tens digit of 527622?
2
What is the tens digit of 91081?
8
What is the tens digit of 1215445?
4
What is the hundreds digit of 1483660?
6
What is the millions digit of 33417073?
3
What is the tens digit of 45514?
1
What is the millions digit of 1633920?
1
What is the tens digit of 653328?
2
What is the tens digit of 306954?
5
What is the hundred thousands digit of 4363165?
3
What is the units digit of 7362160?
0
What is the units digit of 62426?
6
What is the ten thousands digit of 321397?
2
What is the units digit of 3769081?
1
What is the ten thousands digit of 75374?
7
What is the units digit of 233025?
5
What is the hundreds digit of 1118202?
2
What is the thousands digit of 179842?
9
What is the hundred thousands digit of 8269906?
2
What is the hundred thousands digit of 221747?
2
What is the millions digit of 5768268?
5
What is the units digit of 2821007?
7
What is the ten thousands digit of 353388?
5
What is the hundred thousands digit of 915196?
9
What is the hundred thousands digit of 18292836?
2
What is the hundreds digit of 33536319?
3
What is the tens digit of 2663198?
9
What is the hundreds digit of 269182?
1
What is the units digit of 78506?
6
What is the tens digit of 1128706?
0
What is the millions digit of 11967103?
1
What is the hundreds digit of 19131?
1
What is the hundred thousands digit of 251124?
2
What is the ten thousands digit of 12748720?
4
What is the thousands digit of 11257?
1
What is the thousands digit of 346704?
6
What is the millions digit of 11664621?
1
What is the hundreds digit of 80455?
4
What is the hundreds digit of 29168288?
2
What is the units digit of 403146?
6
What is the units digit of 686618?
8
What is the units digit of 1142771?
1
What is the ten thousands digit of 15303272?
0
What is the hundreds digit of 615136?
1
What is the hundreds digit of 370433?
4
What is the hundreds digit of 327536?
5
What is the hundred thousands digit of 306201?
3
What is the thousands digit of 90415?
0
What is the hundred thousands digit of 631710?
6
What is the units digit of 114270?
0
What is the ten thousands digit of 14316076?
1
What is the hundreds digit of 1907142?
1
What is the thousands digit of 20792?
0
What is the thousands digit of 400468?
0
What is the hundreds digit of 8463?
4
What is the tens digit of 11747457?
5
What is the tens digit of 1655378?
7
What is the tens digit of 75885?
8
What is the hundred thousands digit of 6487754?
4
What is the thousands digit of 4745858?
5
What is the units digit of 129491?
1
What is the thousands digit of 293901?
3
What is the thousands digit of 28648032?
8
What is the hundred thousands digit of 552890?
5
What is the ten thousands digit of 150516?
5
What is the units digit of 1370137?
7
What is the ten thousands digit of 3360145?
6
What is the tens digit of 121201?
0
What is the ten thousands digit of 86009?
8
What is the tens digit of 760436?
3
What is the ten thousands digit of 1078865?
7
What is the units digit of 298978?
8
What is the tens digit of 117439?
3
What is the hundreds digit of 235561?
5
What is the thousands digit of 280841?
0
What is the ten thousands digit of 40462?
4
What is the ten thousands digit of 123005?
2
What is the units digit of 1014735?
5
What is the thousands digit of 88500?
8
What is the units digit of 489539?
9
What is the thousands digit of 699385?
9
What is the ten thousands digit of 20188978?
8
What is the thousands digit of 4757765?
7
What is the hundreds digit of 577029?
0
What is the tens digit of 582820?
2
What is the units digit of 87140?
0
What is the hundred thousands digit of 153951?
1
What is the hundreds digit of 6828202?
2
What is the hundreds digit of 6248919?
9
What is the millions digit of 2413536?
2
What is the ten thousands digit of 32100337?
0
What is the hundred thousands digit of 5326867?
3
What is the thousands digit of 270883?
0
What is the ten thousands digit of 16965?
1
What is the hundred thousands digit of 9480109?
4
What is the tens digit of 1657653?
5
What is the hundred thousands digit of 340179?
3
What is the millions digit of 11797765?
1
What is the thousands digit of 21582661?
2
What is the units digit of 1226386?
6
What is the hundreds digit of 9321380?
3
What is the hundreds digit of 8918968?
9
What is the millions digit of 2216356?
2
What is the thousands digit of 795069?
5
What is the units digit of 287395?
5
What is the millions digit of 13986171?
3
What is the units digit of 6679855?
5
What is the units digit of 26988?
8
What is the tens digit of 3423229?
2
What is the hundred thousands digit of 889385?
8
What is the hundred thousands digit of 2640274?
6
What is the hundred thousands digit of 1582080?
5
What is the thousands digit of 28797475?
7
What is the hundreds digit of 474918?
9
What is the units digit of 9514253?
3
What is the tens digit of 2706477?
7
What is the ten thousands digit of 4382191?
8
What is the thousands digit of 3781687?
1
What is the hundred thousands digit of 3250188?
2
What is the tens digit of 2795676?
7
What is the units digit of 125404?
4
What is the millions digit of 4235645?
4
What is the units digit of 641937?
7
What is the hundreds digit of 39079?
0
What is the thousands digit of 1149888?
9
What is the ten thousands digit of 1532925?
3
What is the tens digit of 10332822?
2
What is the hundreds digit of 75329?
3
What is the ten thousands digit of 28785610?
8
What is the units digit of 8808966?
6
What is the ten thousands digit of 1187443?
8
What is the hundred thousands digit of 272987?
2
What is the tens digit of 112186?
8
What is the units digit of 5999991?
1
What is the hundred thousands digit of 4303899?
3
What is the tens digit of 249122?
2
What is the units digit of 10000828?
8
What is the ten thousands digit of 4090163?
9
What is the units digit of 1325443?
3
What is the ten thousands digit of 195248?
9
What is the hundreds digit of 234759?
7
What is the ten thousands digit of 130103?
3
What is the ten millions digit of 18081528?
1
What is the units digit of 498554?
4
What is the tens digit of 193731?
3
What is the units digit of 462430?
0
What is the hundreds digit of 1165441?
4
What is the tens digit of 10944623?
2
What is the thousands digit of 7350119?
0
What is the ten thousa